 Calculate the highest common divisor of 22 and u.
11
Let a(b) = 4*b**2 - b + 2. Let z be a(-2). Let r = -410 - -590. What is the highest common divisor of r and z?
20
Let t be (1 - 2)/((-9)/999). Calculate the highest common factor of t and 74.
37
Let v be (-4 - -2)/(10/(-215)). What is the greatest common factor of v and 430?
43
Let d be 4 - (2 - -2 - 330). What is the highest common factor of 30 and d?
30
Let h(b) = -5*b - 6. Let i be h(-4). Suppose 5*v = -4*g - 0*g + 51, g + 3*v = 11. Calculate the greatest common divisor of i and g.
14
Let y = 16 + -11. Suppose y*j - 91 = -26. Calculate the highest common factor of 91 and j.
13
Let f(d) = 3*d**2 - 7*d - 2. Let z(h) = -2*h - 15. Let b be z(-10). Let y be f(b). What is the greatest common factor of 95 and y?
19
Let j(m) = m - 10. Let a be j(10). Suppose 3*b + 3 - 9 = a, c - b - 15 = 0. Suppose 2*n - 8 = 230. Calculate the greatest common divisor of c and n.
17
Let z = 21 + -7. What is the greatest common divisor of 154 and z?
14
Suppose -23 - 5 = -4*x. Let o(p) = -p**3 + 9*p**2 + p - 2. Let q be o(9). What is the greatest common factor of q and x?
7
Let j = -3 + 7. Suppose j*d - 60 = 68. Let n(i) = 5*i + 1. Let w be n(3). What is the highest common factor of w and d?
16
Let x = 4 + 2. Let a = 56 + -32. Calculate the highest common divisor of a and x.
6
Suppose 5*d = d - 3*m + 20, 3*m - 16 = -2*d. Suppose d*r - 90 = r. Let a = 93 + -57. What is the greatest common divisor of r and a?
18
Suppose 3*k - 73 - 47 = 0. What is the greatest common divisor of 5 and k?
5
Suppose 5*j - 47 = -3*t + 57, 5*t - 169 = -4*j. Calculate the highest common factor of 264 and t.
33
Let a be (0 - (1 - 2))*15. Let u(j) be the second derivative of 13*j**3/6 + 3*j**2/2 + 2*j. Let d be u(9). What is the highest common factor of a and d?
15
Let u(j) = j**3 + 7*j**2 - 9*j - 8. Let w be u(-6). Suppose -5*z - 27 = -w. Let m be 44 - 0*((-20)/(-8) + -2). Calculate the greatest common factor of z and m.
11
Let f(k) = 2*k**3 - 7*k**2 + 2. Let m be f(-5). Let s be 8/20 - m/5. What is the highest common factor of 17 and s?
17
Let j be (-6)/33 + 414/(-22). Let l = -23 - -13. Let w = l - j. Calculate the greatest common factor of w and 1.
1
Let g be (2 + 4)/2 - -78. Suppose 3*w = -4*r + 2*w + 36, 4*w = 3*r - 27. What is the highest common divisor of g and r?
9
Suppose -5*w - 265 = 465. Let y = -62 - w. Calculate the greatest common factor of 21 and y.
21
Suppose 0 = -2*i + 250 + 72. Suppose -51 = b - i. Calculate the greatest common factor of b and 22.
22
Suppose -510 = -t + 2*k - 4*k, 2511 = 5*t - 3*k. Calculate the greatest common factor of t and 63.
63
Let a be 2 + 5/2*-2. Let r be ((-33)/(-2))/a*-14. Calculate the greatest common divisor of 7 and r.
7
Let h(a) = -a**2 + 7*a. Suppose 2*z + 4*o = 28, 0 = 5*z - 2*o + 12 - 34. Let p be h(z). What is the highest common divisor of 6 and p?
6
Suppose 16*g = 14*g + 26. Calculate the greatest common divisor of g and 117.
13
Suppose -1 - 8 = -3*v. Let s be (-4)/(-10) - v/(-5). Let c be ((-3)/(-6)*18)/s. What is the highest common divisor of c and 1?
1
Suppose 525 = -5*f - 0*f. Let w be (f/(-2))/((-18)/(-24)). What is the highest common divisor of 10 and w?
10
Suppose 2*h - 6 - 10 = 0. Let q be 441/15 + (-4)/10. Let o = -9 + q. Calculate the greatest common factor of o and h.
4
Let w(t) = -t**2 - 4*t. Let o be w(-3). Suppose 0 = 5*b - o*j - 11, b + 0 = -3*j - 5. Suppose 6 = i + b. Calculate the highest common divisor of 20 and i.
5
Suppose -113 = -2*f - 3. What is the greatest common factor of f and 5?
5
Suppose -3*j + 12 = -0*j, 4*j + 674 = -5*m. Let g be (-20)/(-15)*m/(-4). Suppose 4 = 4*v, 3*i + 3*v - g = 14. Calculate the greatest common factor of i and 152.
19
Let p = 49 - 41. Calculate the greatest common factor of 80 and p.
8
Suppose 5*m = 2*o - 16, 0*m = o + m - 8. What is the highest common factor of o and 20?
4
Let m = 59 - -58. What is the greatest common divisor of 13 and m?
13
Let h = -20 + 76. Calculate the greatest common divisor of h and 140.
28
Let a = 3 + -4. Let n be (8/(-2 - -1))/a. Let d be (2/2 - -1)/1. What is the highest common divisor of d and n?
2
Let t be 45/12 - 2/(-8). Let n be 40/(-6)*(-6)/t. Let o be 8/10*(92 - -8). What is the highest common factor of n and o?
10
Let j(l) = l + 2. Let f be j(-4). Let c = -1 - f. Suppose -15 + 3 = -4*w. Calculate the highest common divisor of c and w.
1
Suppose w + 4 = 0, -4*y - 3*w + 20 = -124. Suppose a + 3*a - 119 = -3*d, -5*d = -4*a + 79. What is the highest common divisor of a and y?
13
Suppose -b - 8 = -2*a, -2*a + 2*b = -a - 4. Suppose 5*z + 15 = 0, 0*f - a*z + 28 = 5*f. Calculate the greatest common factor of 32 and f.
8
Let q be ((-149)/2 + 3)*-2. What is the greatest common divisor of 13 and q?
13
Let w(n) = -31*n + 6. Let k be w(-4). What is the greatest common factor of 26 and k?
26
Suppose g - 3*w - 2*w = 20, -4*w = 8. What is the greatest common factor of 70 and g?
10
Let q(d) = -5*d**3 - 3*d**2 - 2*d + 1. Let y be q(-2). Calculate the highest common factor of 231 and y.
33
Suppose -56 - 24 = -5*u. What is the greatest common factor of 48 and u?
16
Suppose -126 = -6*b + 3*b. Calculate the highest common divisor of 6 and b.
6
Suppose 0 = 5*z + 2 + 8. Let i be (-1)/(66/(-32) - z). What is the greatest common factor of 16 and i?
16
Suppose 0 = 2*b - 4 - 0. Suppose 2*s = -s + 54. Let y = s - b. Calculate the greatest common factor of y and 48.
16
Let l(c) = -2*c + 8. Let b be l(-11). Suppose 10*v = 12*v - b. What is the greatest common factor of 120 and v?
15
Let w(i) = 17*i - 19. Let u be w(2). Let q = 5 + 1. What is the greatest common divisor of u and q?
3
Let o = -4 + 9. Suppose p = 3*v - 125, 0 = -5*v - 3*p + 52 + 133. Calculate the greatest common factor of o and v.
5
Suppose -167 = -3*f - 4*i + 105, i = -f + 90. Let p = 53 - f. Let v = p + 51. Calculate the highest common divisor of v and 8.
8
Let r = 115 - 110. What is the highest common divisor of 80 and r?
5
Suppose -26 = -2*x - 4*a, 2*x - a = 5*x - 14. Suppose x*v = j - 2*v - 22, -10 = -j + v. Calculate the greatest common factor of j and 56.
7
Let u be (1/3)/(19/1197). Calculate the greatest common divisor of 7 and u.
7
Let r = 287 + -555. Let l be r/(-24) + (-2)/12. Let z(p) = p**2 - 4*p - 1. Let u be z(6). What is the greatest common factor of u and l?
11
Let p(b) = -b**2 + 4*b - 3. Let h be p(2). Let f be (-2)/(-1) + 7*h. Suppose 71*i = 69*i + 6. What is the highest common factor of f and i?
3
Suppose 6*n = -7*n + 156. Let k(f) = -8*f**3 + f**2 - 1. Let i be k(-1). What is the greatest common factor of n and i?
4
Let q(t) = t**2 - t. Let n(i) = -i**2 + 9*i - 4. Let b(k) = n(k) + 3*q(k). Let x be b(-5). Let w = -5 + 21. Calculate the highest common divisor of x and w.
16
Let k be (-39)/(-12) + 2/(-8). Let x = 73 + -43. Suppose 4*h = -20, 2*g + k*g - x = 2*h. What is the greatest common divisor of 44 and g?
4
Let z(m) = 1 - 9*m**2 + 24*m**2 - 2. Let x be z(-1). Suppose 37*a = 38*a - 112. Calculate the greatest common factor of x and a.
14
Suppose 5*l - 13 = m, -2*m + 15 = 4*l - 1. What is the highest common factor of 2 and m?
2
Suppose -2*j - 2*j + 98 = -2*v, 5*v + 237 = 2*j. Let f = 77 + v. Calculate the greatest common divisor of f and 75.
15
Suppose -3 = f - 6. Suppose l + f*l - 160 = 0. Calculate the greatest common factor of 8 and l.
8
Let t(v) = 12*v**2 + v - 1. Let l be t(-2). What is the highest common factor of l and 5?
5
Suppose -7*t + 28 = -3*t. What is the highest common divisor of 28 and t?
7
Suppose -2*k - 12 + 8 = 0. Let a be -5 - -19 - (k + -1). What is the greatest common factor of a and 51?
17
Let f = 53 - 32. Let y = 8 - -1. Suppose -4*p = -p - y. What is the highest common divisor of f and p?
3
Let f = 23 + -5. Calculate the greatest common divisor of f and 18.
18
Let t be (23 - 7)*11/2. Calculate the greatest common factor of 11 and t.
11
Let n = -2 + 17. What is the highest common factor of 5 and n?
5
Suppose 0 = 2*s - 0*s - 4*w - 68, 2*s + 2*w = 38. Suppose -3*k - k = -s. Calculate the greatest common factor of 66 and k.
6
Let s = 41 - 35. Calculate the highest common factor of s and 12.
6
Suppose 6*w - 5*w = 6. What is the highest common divisor of 2 and w?
2
Let f be (-2)/(-3)*(-9)/3. Let b be (196 - f)*2/4. Let t(g) = 